0*s - s, 0 = -3*y - 4*s + 50. Let r(m) = 2*m - 15. Calculate r(y).
5
Let y(n) = 3*n**3 - 3 - 3*n + 4*n**2 - 3*n**3 + n**3. Let l be 1/((-2)/4) + -2. What is y(l)?
9
Let z(l) = 211 - 96 - 104 - l. Calculate z(5).
6
Let h(j) = 0 - j - 2 - 2 - 1. Let d(l) = l - 12. Let p be d(6). Determine h(p).
1
Let l(g) = 4*g**2 + 10*g + 11. Let y(o) = 3*o**2 + 9*o + 10. Let p(n) = -4*l(n) + 5*y(n). Suppose 4*j - 2*j = 18. Let s be 26/6 - (-6)/j. Give p(s).
6
Let u(t) = -9 - 7 + 13 + 15*t. What is u(2)?
27
Let b(h) be the first derivative of h**2 - h - 4. Determine b(5).
9
Let g = -28 - -40. Let p be 6/8 - (-39)/g. Let y(h) be the first derivative of -2*h**3/3 + 5*h**2/2 + 4*h + 3. What is y(p)?
-8
Let x(o) = -o**3 + 5*o**2 + 4. Let d be x(5). Let r(u) be the second derivative of -1/2*u**3 + 0 + 1/12*u**4 + 2*u - 5/2*u**2. Calculate r(d).
-1
Let y(p) = p**3 - 2*p**2 + p. Let m(x) = -3*x - 2. Let q be m(-1). Determine y(q).
0
Let i(g) = g**2 + 1. Let o(t) = -2*t**2 - t + 4. Let n(d) = -i(d) - o(d). Suppose -5*b - 24 = -4. Give n(b).
7
Let b(s) = 2*s - 3. Let o be (-1)/(-2)*(3 + (4 - -1)). Determine b(o).
5
Let y(z) be the second derivative of 1/6*z**3 + 5/2*z**2 + 1/12*z**4 + 0 + 5*z. What is y(0)?
5
Let j be -3 + 2/2*-5. Let c(a) = -a**2 - 9*a + 4. Determine c(j).
12
Let m be 1 - 5*-44 - 4. Let n(r) = 3 + 0*r - 3*r + 220*r**3 - 2*r**2 - m*r**3. What is n(2)?
13
Let v = 5 + -3. Suppose 5*w - w = -3*g - 2, -4*g - v = 5*w. Let s be -5 - g*(-2)/4. Let b(x) = -x**3 - 4*x**2 - 2*x - 4. Determine b(s).
4
Let p be (1/(-4))/((-5)/80). Suppose 3*j - 4*a + 2 = 0, -p*j - 2*a + 3*a - 7 = 0. Let r(o) = 3*o. Determine r(j).
-6
Suppose 2*k - 3*d + 15 = 2*d, -40 = -4*k - 4*d. Let c(i) be the first derivative of -i**2/2 - i + 2. Determine c(k).
-6
Let l(p) = p**3 + 5*p**2 + 4*p + 2. Let t(v) = -v**2 + 7*v - 2. Let n(j) = -j**2 + j + 1. Let c(y) = -2*n(y) + t(y). Let i be c(-5). Determine l(i).
2
Let u(w) be the first derivative of w**3/6 + w**2 + w - 1. Let y(k) be the first derivative of u(k). Let p be (-4)/(-4)*(-2 - 1 - -2). Determine y(p).
1
Let j be 3*(1 + (-3)/9). Let x(o) = 4*o**2 + 0*o**2 - o**2 + o**j. Determine x(1).
4
Let x be (21/6 + -2)*10. Let p = x - 20. Let m(i) = -i**2 - 9*i + 3. Let u(h) = 2*h**2 + 19*h - 7. Let g(r) = -9*m(r) - 4*u(r). Calculate g(p).
1
Let c = 4 + 6. Suppose -20*j + 18*j - c = 0. Let a(n) = -n**3 - 6*n**2 - 3*n + 1. What is a(j)?
-9
Let l = -22 + 16. Let j(t) = 3*t + 14. Let w(m) = -2*m - 9. Let v(s) = -5*j(s) - 8*w(s). What is v(l)?
-4
Let r(y) = y - 2*y + 5*y**2 - 2*y**2. What is r(1)?
2
Let l(w) be the third derivative of -5*w**4/12 - w**3/6 - 2*w**2. Calculate l(1).
-11
Let g = 22 + -22. Let x(y) = y**2 + 7. Calculate x(g).
7
Let g be (-18)/54 + 17/(-3). Let y(q) be the third derivative of 0*q - 1/120*q**6 + 0 + 1/3*q**3 + 7/24*q**4 + 2*q**2 - 1/12*q**5. What is y(g)?
-4
Let o be (-6)/21 + (-23)/(-7). Let x(f) = -f + o*f**2 + 3 - 3*f - f**3 + 6*f. Let c = 109 + -105. What is x(c)?
-5
Let z(y) = -3*y + 3. Let p = -39 + 19. Let q be (4/10)/((-4)/p). Give z(q).
-3
Let v = -12 + 6. Let j(t) be the second derivative of t**6/720 + t**4/3 - 4*t. Let c(p) be the third derivative of j(p). What is c(v)?
-6
Let b(n) = -n**3 + 4*n**2 - n - 4. Let j(m) = m - 11. Let t be j(14). Give b(t).
2
Let r(c) be the third derivative of c**5/60 - c**4/24 + 3*c**3/2 - 26*c**2. Determine r(0).
9
Suppose i - 6 = -2*i. Let y(a) = 3*a - 9. Let r(t) = -7*t + 13. Let b(d) = 4*d - 7. Let f(s) = 5*b(s) + 3*r(s). Let p(l) = 5*f(l) + 2*y(l). What is p(i)?
4
Let n be -1*(0 + 1)*(-14)/(-7). Let d(t) be the third derivative of t**5/30 - t**4/8 - t**3/2 + 2*t**2. Give d(n).
11
Let a = -9 - -13. Let o(r) = 0 - 7*r**2 + 1 + 3*r + r**3 + 2*r**2. Determine o(a).
-3
Let g(k) = k**2 - k - 1. Let z(t) = -4*t**2 - 2*t + 8. Let a(l) = 3*g(l) + z(l). Determine a(-5).
5
Let j(z) = -3*z**2 + 8*z - 3. Let b(g) = 2*g**2 - 5*g + 2. Let x(d) = -7*b(d) - 5*j(d). Suppose -q = 5*s - 30, 6 + 4 = -3*s + 5*q. Give x(s).
1
Let u(l) = -3*l**2 - 5 + 1 + 5*l**3 + l - 4*l**3 - 2*l**2. What is u(4)?
-16
Let o(k) be the third derivative of -k**9/60480 + k**8/3360 - k**7/1008 + k**6/240 + k**5/60 + 4*k**2. Let z(r) be the third derivative of o(r). Calculate z(5).
3
Suppose 0*p + 16 = -2*p. Let r be 0/(-1) + p + 4. Let a(t) = t**2 + 3*t + 0 - 4 + 0*t. Calculate a(r).
0
Let w(z) = -z**3 + 5*z**2 - 2*z + 4. Let b be w(5). Let h = 3 + b. Let t(n) = -n**2 - 1. Let r(m) = -m**3 + m**2 + m + 3. Let o(v) = -r(v) - 3*t(v). Give o(h).
-6
Let j(w) = -3*w**2 - 1. Let u(c) = c - 6. Let t be u(7). Give j(t).
-4
Let a(y) = -y**2 - 3*y + 1. Let i(q) = q**3 - 5*q**2 - 6*q - 3. Let w be i(6). Determine a(w).
1
Let a(l) = l. Let j(i) = -i**2 + 9. Let x(y) = 6*a(y) - j(y). Let t be x(-7). Let b(w) be the first derivative of -w**2/2 + 2*w + 13. Calculate b(t).
4
Let l(b) be the third derivative of 5*b**4/24 - 16*b**2. Give l(-1).
-5
Let y(m) be the second derivative of -m**3/3 - m**2/2 - 3*m + 10. Give y(-2).
3
Let v(d) be the second derivative of -d**4/12 - d**3/3 - d**2/2 - d. Suppose 7 - 20 = x + 5*j, 0 = -2*x - 4*j - 8. Let w be x/(-3)*6*1. Give v(w).
-9
Let w(t) be the third derivative of t**4/24 - t**3/2 - 31*t**2. What is w(0)?
-3
Let o(y) = -y**3 - y**2 + 4*y. Let x be (4 + 3)*(0 - -5). Let r be (-46)/(-14) - 10/x. Let c(k) = k**3 - 2*k**2 - 5*k + 3. Let l be c(r). Determine o(l).
6
Suppose 0*i + 4*i - 12 = 0. Let v(p) = -p**2 + 3*p + 1. Determine v(i).
1
Let i(q) = -2*q**2 + 6*q - 1. Let h(t) = t - 9. Let s be h(9). Suppose s = -4*n, -3*a = n - 0*n + 3. Let k be (3 - a - 2) + 2. Determine i(k).
-9
Let o(c) = -4*c + 3 + 5*c + 0. Suppose 13 = -3*q + 4*q. Suppose 0 = 3*h - q - 2. Determine o(h).
8
Suppose 4*o - 1 = 3*o. Let r(a) be the third derivative of 0 - 11/60*a**5 + 0*a + 1/12*a**4 + 3*a**2 - 1/6*a**3. Give r(o).
-10
Let r be 1/4 + (-105)/(-12). Suppose 3*c = -r - 3. Let m(z) = 2*z**2 + 7*z + 4. Calculate m(c).
8
Let x(o) = o**3 - o**2 + 3. Let q be x(0). Let v(n) = n**2 + 5. Let b be v(0). Suppose -2*l + q*l = -b. Let w(p) = 2*p + 2. Give w(l).
-8
Let a(q) = -6*q + q**3 - 2*q**2 + 0*q**3 + 6*q**2. Give a(-5).
5
Let y(s) be the third derivative of s**5/60 + 5*s**4/24 - s**3/6 + 2*s**2. What is y(-6)?
5
Let p = -4 + 4. Suppose 2*w + 3*w - 25 = p. Let y(o) = -o**2 - 1. Let s(v) = v**3 - 8*v**2 + 5*v - 1. Let c(f) = -s(f) + 2*y(f). Calculate c(w).
-1
Let n(s) = s**2 - 2*s + 2. Let z(r) = r**2 - 3*r + 2. Let l(c) = 4*n(c) - 5*z(c). Determine l(8).
-10
Suppose 2*y = 2 + 2, 2*f - 3*y + 18 = 0. Let t(w) = -w - 6. Let q(d) be the first derivative of -d**2/2 - 6*d + 2. Let n(i) = f*q(i) + 5*t(i). Give n(-4).
2
Let y(h) = h**2 + 12*h - 8. Let n = -60 + 48. Give y(n).
-8
Let q be ((-12)/(-15))/(4/(-10)). Let g(l) = -10*l - 1. Calculate g(q).
19
Let f be (0 + 0)/(-4 - -6). Suppose q - 1 - 3 = f. Let w(o) = -5*o + q*o - 9 + 16. Determine w(5).
2
Let w(z) = 8*z**3 + 10*z**2 + 6*z + 9. Let g(n) = -7*n**3 - 9*n**2 - 5*n - 8. Let j(x) = 7*g(x) + 6*w(x). Give j(-3).
-5
Let h(r) = 4*r + 1. Suppose 10 = 5*p - 0*p. Let a(b) = b - 1. Let i be a(p). Suppose d = -i + 2. Calculate h(d).
5
Suppose -2*v - 3*m = -0*v + 5, m = -v. Suppose 33 + 3 = -4*h + v*z, h + 8 = z. Let i(l) = -l**3 - 3*l**2 + 4*l - 4. What is i(h)?
-4
Let a(c) = -3*c**3 - 18*c**2 + 1. Let p be a(-6). Let z(l) = -6*l - 1. What is z(p)?
-7
Let k(g) = -5*g + 13 - 23 + 0*g + 11 - g**3 - 5*g**2. What is k(-4)?
5
Let o(i) = i**3 + 3*i**2 - i - 1. Let j = -2 - -4. Suppose -h + 4*u - 2 + 6 = 0, 5*u = -j*h - 18. What is o(h)?
-13
Let u(s) = s + 1 - 7 + 6. Calculate u(5).
5
Let n(g) = 7*g - 4. Let j(t) = t**3 - 6*t**2 + 7*t - 5. Let v be j(5). Let m(f) = -6*f + 3. Let c(d) = v*m(d) + 4*n(d). Calculate c(3).
-7
Let b(a) = 46*a + 6*a**2 - 1 - 46*a - 3*a**2. Let s be (-8)/(-6) + (-1)/3. Give b(s).
2
Suppose -2*r + r = -4. Let c(p) be the second derivative of -p**3 + 1/2*p**r + p + 0 - 1/20*p**5 + 7/2*p**2. Determine c(5).
2
Let o(z) = -z - 3. Let d(c) = c**3 + 2*c + 3. Let a be d(-2). Calculate o(a).
6
Suppose -x - 9 = -4*x. Let h(a) = -a**3 + 4*a**2 - 3. Give h(x).
6
Let p(y) be the third derivative of -5*y**4/12 + y**3/6 + y**2. Suppose -38 + 47 = -9*k. Give p(k).
11
Let u(s) = -s. Let i(t) = -1. Let z(d) = 3*i(d) + u(d). Suppose 0 = -5*o - 3*l - 42, -14 - 12 = 3*o + l. Let j 